020121
Convert -15300 (base 6) to base 2.
-100110110100
Convert -1121 (base 6) to base 13.
-175
a348 (base 13) to base 11
15a29
Convert -2242 (base 7) to base 9.
-1104
2b062 (base 13) to base 2
10011110111011001
Convert -180 (base 12) to base 9.
-286
-287b6 (base 12) to base 4
-31301322
-1110011111100 (base 2) to base 16
-1cfc
Convert 18c8 (base 16) to base 2.
1100011001000
Convert 739 (base 14) to base 10.
1423
What is 1023012 (base 4) in base 16?
12c6
What is 2103 (base 4) in base 5?
1042
Convert 310 (base 10) to base 12.
21a
Convert 1013210 (base 5) to base 7.
66426
-6073 (base 8) to base 5
-100011
101100111111 (base 2) to base 13
1406
What is a0 (base 15) in base 10?
150
Convert -11272 (base 12) to base 5.
-1212323
What is 46012 (base 7) in base 14?
4379
-80 (base 11) to base 8
-130
Convert 93a (base 13) to base 10.
1570
Convert -330 (base 8) to base 15.
-e6
-1615 (base 16) to base 2
-1011000010101
What is 421012 (base 5) in base 13?
641b
What is -1100110001000 (base 2) in base 3?
-22222002
2000 (base 10) to base 8
3720
Convert -172 (base 13) to base 5.
-2022
What is 603 (base 13) in base 4?
33321
Convert 73 (base 11) to base 15.
55
Convert -130 (base 8) to base 13.
-6a
110001 (base 2) to base 6
121
-1110001000100 (base 2) to base 3
-100221000
What is -c42 (base 14) in base 2?
-100101101010
142 (base 14) to base 15
11e
Convert 32863 (base 9) to base 3.
1002222010
122223 (base 4) to base 11
1312
What is -5aa (base 11) in base 6?
-3205
What is 1132 (base 7) in base 9?
511
Convert -24c2 (base 15) to base 3.
-101202002
What is -3dc9 (base 16) in base 10?
-15817
-24512 (base 6) to base 16
-e3c
-36411 (base 12) to base 4
-101313031
-627 (base 16) to base 2
-11000100111
135312 (base 7) to base 3
1022111120
-39e5 (base 15) to base 3
-121221222
Convert -111010110 (base 2) to base 5.
-3340
Convert -1403 (base 8) to base 14.
-3d1
What is 1001010001111 (base 2) in base 10?
4751
Convert -11001101101100 (base 2) to base 15.
-3d79
-7701 (base 9) to base 14
-20d1
-1014144 (base 6) to base 13
-19330
8249 (base 11) to base 16
2abf
What is -1443 (base 5) in base 4?
-3320
What is 11100101001 (base 2) in base 6?
12253
Convert -101011011111 (base 2) to base 16.
-adf
114242 (base 5) to base 12
2602
1d5 (base 14) to base 4
11333
What is 18b (base 12) in base 8?
373
-2220241 (base 5) to base 2
-1001011110100101
What is -300 (base 16) in base 8?
-1400
111010101100010 (base 2) to base 6
351042
524 (base 6) to base 8
304
What is ac1 (base 16) in base 6?
20425
What is -8080 (base 9) in base 6?
-43200
3520 (base 8) to base 3
2120100
Convert 1344 (base 6) to base 11.
2a0
What is 1141 (base 6) in base 12?
1b1
17a (base 11) to base 16
d0
213143 (base 5) to base 7
30164
Convert 327 (base 11) to base 6.
1452
What is 224 (base 5) in base 6?
144
-387 (base 10) to base 3
-112100
5481 (base 9) to base 3
12112201
2664 (base 7) to base 16
402
What is 16ad (base 14) in base 8?
7751
What is 12112020 (base 3) in base 8?
7675
Convert -10a1c (base 15) to base 11.
-36823
Convert 39b (base 13) to base 14.
335
What is 17 (base 13) in base 14?
16
Convert 5417 (base 8) to base 16.
b0f
-5bb2 (base 12) to base 16
-2876
72774 (base 9) to base 7
256666
What is 31040 (base 6) in base 16?
1020
Convert b963 (base 13) to base 2.
110010010101001
19679 (base 10) to base 15
5c6e
-1002120 (base 3) to base 7
-2220
Convert -27 (base 10) to base 14.
-1d
Convert -2a9 (base 11) to base 7.
-1024
Convert 4919 (base 14) to base 10.
12763
-200232 (base 4) to base 2
-100000101110
-2110102112 (base 3) to base 4
-23310221
1541 (base 10) to base 6
11045
What is -4b44 (base 13) in base 12?
-623b
113400 (base 6) to base 5
303424
What is -12233 (base 4) in base 3?
-120222
What is -110010100000000 (base 2) in base 13?
-b9cc
Convert 100111 (base 3) to base 5.
2011
-1034040 (base 5) to base 9
-26642
What is 3464 (base 8) in base 10?
1844
Convert -3243 (base 11) to base 5.
-114112
a9 (base 13) to base 15
94
Convert -2110001 (base 3) to base 12.
-1047
100021 (base 3) to base 11
208
What is -112000112 (base 3) in base 2?
-10011111101100
Convert -161 (base 13) to base 6.
-1052
What is 20112 (base 8) in base 3?
102100011
What is -8a90 (base 14) in base 6?
-303142
What is -45375 (base 11) in base 12?
-32000
-300442 (base 5) to base 15
-2c32
What is 7499 (base 10) in base 8?
16513
94a6 (base 12) to base 4
3331332
What is -230 (base 9) in base 14?
-d7
What is 3041 (base 5) in base 12?
290
What is -60a (base 13) in base 9?
-1357
33132 (base 4) to base 2
1111011110
Convert 286 (base 11) to base 7.
660
-2353 (base 9) to base 15
-7b9
122102 (base 3) to base 13
2a2
What is -335 (base 10) in base 2?
-101001111
What is -1442334 (base 5) in base 15?
-9299
What is 5345 (base 10) in base 4?
1103201
Convert 1121 (base 5) to base 6.
425
Convert -5b77 (base 14) to base 13.
-7374
324 (base 15) to base 11
595
Convert -5510 (base 7) to base 2.
-11110101111
-22134 (base 6) to base 13
-1531
What is -b13 (base 16) in base 14?
-1067
What is -2b9 (base 12) in base 15?
-1d9
Convert 22617 (base 8) to base 5.
301430
2444023 (base 5) to base 2
1011011010101011
Convert -435034 (base 6) to base 10.
-36094
323d (base 14) to base 3
102220110
Convert -1089 (base 14) to base 8.
-5461
Convert 5771 (base 9) to base 2.
1000010110100
2142 (base 6) to base 7
1304
What is -220312 (base 4) in base 8?
-5066
1011010001100100 (base 2) to base 10
46180
Convert -215 (base 11) to base 15.
-123
What is -1402244 (base 5) in base 11?
-1a413
2032331 (base 4) to base 5
243044
What is 1698c (base 13) in base 6?
532500
Convert 785 (base 11) to base 8.
1654
25422 (base 9) to base 15
510b
13b72 (base 13) to base 3
1212220020
What is -157 (base 16) in base 3?
-110201
What is -a329 (base 11) in base 5?
-414304
Convert -81268 (base 10) to base 12.
-3b044
What is 2142 (base 5) in base 8?
451
Convert -d9e (base 16) to base 7.
-13110
Convert -3615 (base 7) to base 8.
-2467
Convert -10a30 (base 11) to base 16.
-3e0c
Convert -52625 (base 11) to base 7.
-436245
-1452 (base 6) to base 7
-1100
-116 (base 10) to base 15
-7b
-2006 (base 9) to base 16
-5b8
6747 (base 12) to base 10
11431
What is -14182 (base 13) in base 14?
-d9d6
1457 (base 11) to base 4
131111
3821 (base 12) to base 10
6361
Convert 2bc (base 13) to base 10.
493
-14102 (base 7) to base 11
-2967
What is -111002 (base 3) in base 4?
-11201
Convert 328f (base 16) to base 12.
75a7
Convert 100000000100 (base 2) to base 13.
c1b
Convert 29 (base 13) to base 2.
100011
What is 34c0 (base 15) in base 9?
16330
What is 32ff (base 16) in base 10?
13055
What is 143022 (base 5) in base 12?
3590
Convert -4837 (base 9) to base 13.
-183a
What is -103003230 (base 4) in base 6?
-1401220
864 (base 13) to base 3
1222010
-5189 (base 15) to base 10
-17229
-10003 (base 5) to base 9
-767
What is 13130 (base 5) in base 12?
728
-2b7 (base 16) to base 2
-1010110111
Convert 27637 (base 8) to base 16.
2f9f
Convert 36110 (base 8) to base 13.
7041
-1323 (base 13) to base 7
-10653
33342 (base 5) to base 6
14511
Convert 755 (base 8) to base 15.
22d
Convert -a1 (base 15) to base 16.
-97
Convert -33c (base 13) to base 6.
-2330
What is -5c (base 16) in base 10?
-92
Convert 1662 (base 11) to base 16.
84d
6174 (base 9) to base 8
10652
Convert 11122 (base 3) to base 7.
236
Convert -5a06 (base 11) to base 9.
-11715
What is -993 (base 11) in base 2?
-10010100111
Convert -13313322 (base 4) to base 8.
-76772
-902 (base 11) to base 15
-4cb
What is -32002 (base 6) in base 16?
-10e2
Convert -2ce9 (base 15) to base 16.
-25c5
Convert 50000 (base 7) to base 4.
2323211
220112201 (base 3) to base 10
17893
Convert 9937 (base 12) to base 9.
25147
Convert c5a6 (base 16) to base 10.
50598
-53 (base 8) to base 6
-111
What is -30772 (base 9) in base 4?
-10331123
167 (base 8) to base 5
434
Convert 7721 (base 15) to base 8.
61217
-4202 (base 10) to base 3
-12202122
What is -461 (base 12) in base 14?
-345
What is 69 (base 11) in base 9?
83
What is -1230 (base 7) in base 8?
-716
Convert -a057 (base 12) to base 5.
-1023342
What is -10001100010 (base 2) in base 12?
-796
What is 13304 (base 7) in base 12?
20a5
Convert 4001 (base 13) to base 3.
110001112
1352 (base 6) to base 8
544
Convert -977 (base 12) to base 8.
-2553
Convert -1730 (base 10) to base 14.
-8b8
What is -200110 (base 5) in